{"id":250,"date":"2024-07-15T16:44:59","date_gmt":"2024-07-15T14:44:59","guid":{"rendered":"https:\/\/juil1e.atelierssiteweb.com\/?page_id=250"},"modified":"2024-07-15T16:44:59","modified_gmt":"2024-07-15T14:44:59","slug":"coaching-professionnel","status":"publish","type":"page","link":"https:\/\/mduez.fr\/index.php\/coaching-professionnel\/","title":{"rendered":"Coaching professionnel"},"content":{"rendered":"\n<p>Vous rencontrez des difficult\u00e9s relationnelles ou de communication, des difficult\u00e9s dans le management d\u2019\u00e9quipe, la gestion de personnalit\u00e9s difficiles ou la gestion de vos propres \u00e9motions ? Je vous accompagne dans l\u2019analyse de ces situations et la prise de recul sur celles-ci, pour identifier les blocages et faire \u00e9merger des solutions.<\/p>\n","protected":false},"excerpt":{"rendered":"<p>Vous rencontrez des difficult\u00e9s relationnelles ou de communication, des difficult\u00e9s dans le management d\u2019\u00e9quipe, la gestion de personnalit\u00e9s difficiles ou la gestion de vos propres \u00e9motions ? Je vous accompagne dans l\u2019analyse de ces situations et la prise de recul sur celles-ci, pour identifier les blocages et faire \u00e9merger des solutions.<\/p>\n","protected":false},"author":1,"featured_media":0,"parent":0,"menu_order":0,"comment_status":"closed","ping_status":"closed","template":"","meta":{"footnotes":""},"class_list":["post-250","page","type-page","status-publish","hentry","entry"],"_links":{"self":[{"href":"https:\/\/mduez.fr\/index.php\/wp-json\/wp\/v2\/pages\/250","targetHints":{"allow":["GET"]}}],"collection":[{"href":"https:\/\/mduez.fr\/index.php\/wp-json\/wp\/v2\/pages"}],"about":[{"href":"https:\/\/mduez.fr\/index.php\/wp-json\/wp\/v2\/types\/page"}],"author":[{"embeddable":true,"href":"https:\/\/mduez.fr\/index.php\/wp-json\/wp\/v2\/users\/1"}],"replies":[{"embeddable":true,"href":"https:\/\/mduez.fr\/index.php\/wp-json\/wp\/v2\/comments?post=250"}],"version-history":[{"count":0,"href":"https:\/\/mduez.fr\/index.php\/wp-json\/wp\/v2\/pages\/250\/revisions"}],"wp:attachment":[{"href":"https:\/\/mduez.fr\/index.php\/wp-json\/wp\/v2\/media?parent=250"}],"curies":[{"name":"wp","href":"https:\/\/api.w.org\/{rel}","templated":true}]}}

<p>Vous rencontrez des difficultés relationnelles ou de communication, des difficultés dans le management d’équipe, la gestion de personnalités difficiles ou la gestion de vos propres émotions ? Je vous accompagne dans l’analyse de ces situations et la prise de recul sur celles-ci, pour identifier les blocages et faire émerger des solutions.</p>
