{"id":8,"date":"2024-07-01T14:01:09","date_gmt":"2024-07-01T12:01:09","guid":{"rendered":"https:\/\/juil1e.atelierssiteweb.com\/?page_id=6"},"modified":"2024-07-01T14:01:09","modified_gmt":"2024-07-01T12:01:09","slug":"accueil","status":"publish","type":"page","link":"https:\/\/mduez.fr\/index.php\/accueil\/","title":{"rendered":"Avis des personnes accompagn\u00e9es"},"content":{"rendered":"<h3>Avis Google<\/h3>\n<blockquote><p>J&rsquo;ai eu l&rsquo;occasion de r\u00e9aliser mon bilan de comp\u00e9tences aupr\u00e8s de Mme Duez en 2021. Une tr\u00e8s belle rencontre avec une psychologue bienveillante, encourageante et dynamique. Si vous recherchez un accompagnement humain, impliqu\u00e9 Mme Duez est la personne qu&rsquo;il vous faut. J&rsquo;ai beaucoup appr\u00e9ci\u00e9 son approche (tests, enqu\u00eates&#8230;), sa disponibilit\u00e9 et son sourire qui ont permis de se sentir en confiance et de reprendre confiance \u00e9galement. Cet accompagnement m&rsquo;a permis de revaloriser mes exp\u00e9riences, de mieux cerner ma personnalit\u00e9 et mes attentes professionnelles, d&rsquo;explorer des voies tout en restant coh\u00e9rente avec mon chemin de vie personnel. Il est fort possible que je fasse de nouveau appel \u00e0 ses services dans le cadre d&rsquo;un coaching.<\/p><\/blockquote>\n<p>Mme JOALLAND<br \/>\nAvis google 5\/5<\/p>\n<blockquote><p>J&rsquo;ai rencontr\u00e9 Madame Duez dans le cadre d&rsquo;un bilan de comp\u00e9tences il y a de cela plusieurs ann\u00e9es. Son professionnalisme et son \u00e9coute m&rsquo;ont beaucoup aid\u00e9 \u00e0 mieux comprendre ce que j&rsquo;attendais de mon parcours professionnel et m&rsquo;ont permis d&rsquo;envisager de nouvelles opportunit\u00e9s. Fort de cette exp\u00e9rience extr\u00eamement b\u00e9n\u00e9fique, j&rsquo;ai par la suite poursuivi un coaching de vie aupr\u00e8s de Madame Duez. Ses conseils avis\u00e9s, port\u00e9s par une \u00e9coute attentive et sans jugement ainsi qu&rsquo;une longue exp\u00e9rience professionnelle, ont \u00e9t\u00e9 d&rsquo;un grand secours \u00e0 des p\u00e9riodes difficiles de ma vie. Je la recommande fortement en tant que psychologue, particuli\u00e8rement si vous vous sentez perdu-e dans votre milieu professionnel et\/ou votre vie personnelle, et cherchez \u00e0 mieux appr\u00e9hender votre cadre de vie.<\/p><\/blockquote>\n<p>M CRUBELLIER<br \/>\nAvis google 5\/5<\/p>\n<blockquote><p>Mme DUEZ est une personne bienveillante et de tr\u00e8s bons conseils \u2764\ufe0f Elle m&rsquo;a beaucoup aid\u00e9 du d\u00e9but \u00e0 la fin pour mon projet de reconversion professionnel, gr\u00e2ce \u00e0 elle je me suis senti bien encadr\u00e9e, accompagn\u00e9e pour toutes les \u00e9tapes jusqu&rsquo;\u00e0 la fin, rassur\u00e9e et en confiance. Je vous remercie encore pour tout. Gr\u00e2ce \u00e0 vous mon nouveau projet professionnel se concr\u00e9tise bient\u00f4t ! Et la formation que je suis depuis le d\u00e9but d&rsquo;ann\u00e9e est vraiment top !! Un accompagnement en CEP (Conseil en Evolution Professionnelle) au TOP !! Encore merci \ud83d\ude0a<\/p><\/blockquote>\n<p>Mme GUILLAUME<br \/>\nAvis google 5\/5<\/p>\n<blockquote><p>Mme Duez est une psychologue tr\u00e8s douce et particuli\u00e8rement \u00e0 l &lsquo;\u00e9coute. Elle n&rsquo;h\u00e9site pas \u00e0 donner de son temps en cas de difficult\u00e9s. Sa positivit\u00e9 et ses conseils avis\u00e9s aussi bien dans le cadre professionnel que personnel reboostent le moral .Ils m&rsquo; ont \u00e9t\u00e9 utiles d\u00e9s ma premi\u00e8re s\u00e9ance. Elle a \u00e9t\u00e9 la tutrice de mon \u00e9tat d \u00e2me bancal durant la travers\u00e9e d une temp\u00eate. Elle me manquera lorsque mon coaching sera termin\u00e9 ,c&rsquo;est certain. Je la recommande vivement. Merci \u00e0 vous madame Duez pour votre travail, votre investissement et votre sourire. Vous \u00eates top! \ud83d\ude42<\/p><\/blockquote>\n<p>Mme SIMON<br \/>\nAvis google 5\/5<\/p>\n<blockquote><p>J&rsquo;ai rencontr\u00e9 Mme DUEZ il y a plus d&rsquo;un an. Elle est devenu ma conseill\u00e8re en \u00e9volution professionnel. Je venais tout juste de quitter la r\u00e9gion Parisienne et m&rsquo;installais \u00e0 Nancy. C&rsquo;est en \u00e9changeant avec un responsable RH que j&rsquo;ai pu d\u00e9couvrir cette fonction. Apr\u00e8s une rapide recherche sur internet, j&rsquo;ai pu obtenir un rendez-vous. Il a eu lieu dans un premier temps \u00e0 Laxou. Apr\u00e8s une longue pr\u00e9sentation de mon parcours, elle a su tout de suite synth\u00e9tiser mon profil. Elle a pu me conseiller et me donner des pistes. Ce qui m&rsquo;a permis tr\u00e8s vite d&rsquo;obtenir des opportunit\u00e9s. Elle a su me dire o\u00f9 me diriger et comment m&rsquo;y prendre. Elle a eu un avis qui s&rsquo;est av\u00e9r\u00e9 tr\u00e8s juste me concernant. Au bout d&rsquo;une ann\u00e9e, j&rsquo;ai pu obtenir la chance de travailler en tant que formatrice puis CIP. En mai, cette ann\u00e9e, apr\u00e8s des efforts et aid\u00e9e de ses conseils, j&rsquo;ai pu signer un contrat de 6 mois qui vont \u00eatre renouvel\u00e9s pour 6 autres mois, en tant que consultante RH dans un cabinet de conseil en recrutement. Ce poste, comme elle avait bien vu, correspond \u00e0 mes attentes. Il est en phase avec mes int\u00e9r\u00eats et mes valeurs. Je le dois donc \u00e0 une conseill\u00e8re tr\u00e8s juste, exp\u00e9riment\u00e9e et hors pair, selon moi. Bref, je la recommande.<\/p><\/blockquote>\n<p>Mme AHAMED<br \/>\nAvis google 5\/5<\/p>\n<blockquote><p>Tr\u00e8s gentille, constructive et pertinente, madame Duez m&rsquo;a donn\u00e9 des pistes concr\u00e8tes pour sortir la t\u00eate de l&rsquo;eau dans une situation tr\u00e8s complexe.<\/p><\/blockquote>\n<p>Mme AMINI<br \/>\nAvis google 5\/5<\/p>\n<blockquote><p>S\u2019il est une personne que l\u2019on ne peut oublier, c\u2019est bien Madame DUEZ. J\u2019ai eu l\u2019occasion de la rencontrer dans le cadre d\u2019un bilan de comp\u00e9tences. Son professionnalisme, sa bienveillance, son \u00e9coute sans oublier son sourire chaleureux a contribu\u00e9 ais\u00e9ment \u00e0 la r\u00e9ussite de ce bilan . Merci infiniment !!!<\/p><\/blockquote>\n<p>Mme CHRISTOPH<br \/>\nAvis Google 5\/5<\/p>\n<blockquote><p>Je remercie, et je conseille vivement le professionnalisme et la gentillesse de Mme Duez, pour tout son accompagnement, concernant mon projet de reconversion professionnel. Ceci en pr\u00e9sentiel, respectant ses horaires de rendez-vous dans une ambiance chaleureuse et sereine.<\/p><\/blockquote>\n<p>Mme MULLER<br \/>\nAvis google 5\/5<\/p>\n<blockquote><p>Madame Duez \u00e9tait ma Conseill\u00e8re en Evolution Professionnelle et m&rsquo;a \u00e9t\u00e9 d&rsquo; une aide pr\u00e9cieuse pour mon dossier de d\u00e9mission reconversion dans le but de m&rsquo;installer \u00e0 mon compte. A l&rsquo;\u00e9coute, bienveillante, de bons conseils, disponible, Madame Duez est une vraie professionnelle ! N&rsquo;h\u00e9sitez pas \u00e0 la consulter, je vous la recommande fortement.<\/p><\/blockquote>\n<p>M MORISOT<br \/>\nAvis google 5\/5<\/p>\n","protected":false},"excerpt":{"rendered":"<p>Avis Google J&rsquo;ai eu l&rsquo;occasion de r\u00e9aliser mon bilan de comp\u00e9tences aupr\u00e8s de Mme Duez en 2021. Une tr\u00e8s belle rencontre avec une psychologue bienveillante, encourageante et dynamique. Si vous recherchez un accompagnement humain, impliqu\u00e9 Mme Duez est la personne qu&rsquo;il vous faut. J&rsquo;ai beaucoup appr\u00e9ci\u00e9 son approche (tests, enqu\u00eates&#8230;), sa disponibilit\u00e9 et son sourire [&hellip;]<\/p>\n","protected":false},"author":1,"featured_media":0,"parent":0,"menu_order":0,"comment_status":"closed","ping_status":"closed","template":"","meta":{"footnotes":""},"class_list":["post-8","page","type-page","status-publish","hentry","entry"],"_links":{"self":[{"href":"https:\/\/mduez.fr\/index.php\/wp-json\/wp\/v2\/pages\/8","targetHints":{"allow":["GET"]}}],"collection":[{"href":"https:\/\/mduez.fr\/index.php\/wp-json\/wp\/v2\/pages"}],"about":[{"href":"https:\/\/mduez.fr\/index.php\/wp-json\/wp\/v2\/types\/page"}],"author":[{"embeddable":true,"href":"https:\/\/mduez.fr\/index.php\/wp-json\/wp\/v2\/users\/1"}],"replies":[{"embeddable":true,"href":"https:\/\/mduez.fr\/index.php\/wp-json\/wp\/v2\/comments?post=8"}],"version-history":[{"count":0,"href":"https:\/\/mduez.fr\/index.php\/wp-json\/wp\/v2\/pages\/8\/revisions"}],"wp:attachment":[{"href":"https:\/\/mduez.fr\/index.php\/wp-json\/wp\/v2\/media?parent=8"}],"curies":[{"name":"wp","href":"https:\/\/api.w.org\/{rel}","templated":true}]}}